.
3, 107
List the prime factors of (17 - 2535)/(-1)*(37 - 4).
2, 3, 11, 1259
Let g(a) = 18*a - 559. List the prime factors of g(59).
503
Let h(u) = 7*u**2 - 3*u - 11. Let r(q) = q - 1. Let a(l) = h(l) - 3*r(l). List the prime factors of a(7).
293
Suppose -3*r = -8 - 1. Suppose -2*j + 5*w = -7*j - 25, w - 7 = r*j. List the prime factors of 23 - (j - 0)*1.
2, 13
Let c(m) = -971*m + 2592. List the prime factors of c(-12).
2, 3, 1187
Suppose 12 = -0*n + 2*n. Let t(z) = z**3 - 8*z**2 + 12*z. Let j be t(n). Suppose -2*b - 3*u + 31 = j, 4*b - 34 = b - 2*u. List the prime factors of b.
2
What are the prime factors of 10848 - (390/10)/3?
5, 11, 197
Let d(l) = l**3 + 14*l**2 - 18*l - 209. List the prime factors of d(22).
11, 139
Suppose -2*g - 16362 = -4*b, -6*g = -g + 25. Suppose 0 = -7*z + 15*z - b. What are the prime factors of z?
7, 73
Let r be ((-308)/(-84))/(2/792). Suppose r = 9*x - 5*x. List the prime factors of x.
3, 11
Let v be ((-10)/(-6))/((-3)/(-9)). Suppose 4*h + 4*o = 2*o + 2, 23 = 4*h - 5*o. Suppose 2*f - 110 = -h*q, -v*f = -4*q + 90 + 166. List the prime factors of q.
59
Suppose x - 1814 = w - 302, -5*w - 6049 = -4*x. What are the prime factors of x?
1511
Suppose -1622 = -6*b + 4*b. Let u = b - 487. Suppose 2*j - 38 = -2*f + u, 2*f - 2*j - 358 = 0. List the prime factors of f.
2, 3, 5
List the prime factors of ((-76)/8 - -11)*(-6158)/(-3).
3079
What are the prime factors of (7 - 2714/(-4))/(69/(-78) - -1)?
13, 457
Let s be -3*((9 - 14) + 898/(-3)). Suppose 1560 = 4*t + 3*a, 3*t - s - 270 = a. What are the prime factors of t?
3, 131
Suppose 4*z - 3367 = -122*h + 121*h, 4*h + 9*z - 13433 = 0. List the prime factors of h.
3347
Let f(n) = -3 + 15*n**3 + 1 - 14*n**3. Let c be f(0). What are the prime factors of (c - 32/6)*-3?
2, 11
List the prime factors of -11372*((-1197)/42 - -24).
2, 3, 2843
Suppose -3*t = t - 8. Let q(w) = -6 - 10*w - t - 1. List the prime factors of q(-3).
3, 7
Suppose 24 = -5*v + 2049. Let w = 681 - v. What are the prime factors of w?
2, 3, 23
Let s = 12684 - -7752. What are the prime factors of s?
2, 3, 13, 131
Let w = 4 + 0. Let s = -4141 + 4252. Let b = s - w. What are the prime factors of b?
107
Suppose l - v + 2 = -3, 3*l + 3*v = 15. Suppose 3663 = 9*u - l*u. List the prime factors of u.
11, 37
Let n(s) = -s**2 - 15*s - 23. Let k be n(-13). Suppose 14*x = -k*x + 187. What are the prime factors of x?
11
Suppose -5*t - 3*r + 49 = -0*r, 0 = 2*t - 5*r - 1. Let i(b) = -b**3 + 9*b**2 - 4*b + 7. List the prime factors of i(t).
3, 13
Suppose 4*s = -i + 16878, -9*s - 84470 = -5*i - 13*s. What are the prime factors of i?
2, 7, 17, 71
Suppose -10 = -2*n, 0 = 4*b - 7*b - 3*n + 18. Let t(x) = 343*x**2 + 8*x - 2. List the prime factors of t(b).
349
Let f(w) = 231*w**2 - 372*w + 4824. List the prime factors of f(13).
3, 13009
Suppose 2*m = 6 - 2. Suppose m*o - 20 = -6. Suppose -688 + 2494 = o*h. What are the prime factors of h?
2, 3, 43
Let g = 120194 - 79517. List the prime factors of g.
3, 7, 13, 149
Let f(v) = 491*v + 4. Let z be f(8). Suppose -z = -5*a - i, -3*i = -5*a + a + 3138. Suppose 2*k = 8*k - a. List the prime factors of k.
131
Suppose 231924 = -180*q + 191*q. List the prime factors of q.
2, 3, 7, 251
Suppose -r = s + s + 17, -16 = 4*s. Let d be (12/r)/(1/(-42)). Suppose -2*n - 43 = -t, -5*t + d + 94 = 3*n. List the prime factors of t.
3, 11
Let b = -34 - -34. Suppose 2*z = -3*w - 51, -2*z + b*w - 66 = -2*w. Let g = z - -51. List the prime factors of g.
3, 7
Let d(k) be the second derivative of k**3/3 + 9*k**2/2 - 10*k. Suppose 0*f - 3*f = 5*a + 7, -5*f - 3 = 4*a. What are the prime factors of d(a)?
5
Let f = 1322 - 1282. Let v = -6 - -139. Let h = v - f. List the prime factors of h.
3, 31
Suppose 0 = -11*y - 13 - 20. List the prime factors of -158*y*-6*(-10)/45.
2, 79
Let z(x) = 14*x + 38. Let m be z(6). Suppose 100*i + 5588 = m*i. List the prime factors of i.
2, 127
Suppose -5*y + 4332 = y. Suppose -46*p + 44*p + y = 0. List the prime factors of p.
19
Let r(o) = -o**3 + 6*o**2 + 2*o - 3. Let t be r(6). Let p be (6/t)/1 + 2/(-3). Let m(w) = -w**3 - w**2 + 258. List the prime factors of m(p).
2, 3, 43
Let l(h) = 363*h**2 + 297*h + 2065. List the prime factors of l(-7).
7, 2539
Let a be 6 + -4 + (-2)/((-2)/3). Suppose -t = 56*n - 58*n - 773, a*t + 4*n - 3907 = 0. List the prime factors of t.
19, 41
Suppose -69796*c = -69815*c + 527649. List the prime factors of c.
3, 9257
List the prime factors of ((0 + 317)/((-14)/(-42)))/1.
3, 317
Let h = 266 + -311. What are the prime factors of (-2375)/h - 8/(-36)?
53
Let x = -9331 + 19513. List the prime factors of x.
2, 3, 1697
Suppose 60 = 12*v + 12. Suppose 4*b - 1520 = -4*q, 2*b + 2*b = v*q - 1528. List the prime factors of q.
3, 127
Let y = 56 - 109. Let c = 59 + y. What are the prime factors of 32/c + 1/((-6)/(-4))?
2, 3
Let z = -10483 - -27419. What are the prime factors of z?
2, 29, 73
Let m(w) = 28*w**3 - 8*w**2 + 45*w + 5. List the prime factors of m(6).
5, 17, 71
Suppose t - 29*l = -32*l - 28, -4*l = -8. Let m = 758 - t. List the prime factors of m.
2, 3, 11
Let k(u) = 1368*u - 3793. List the prime factors of k(19).
79, 281
Let d be 2*(5/10)/((-1)/(-8)). Let q be 6/d - (-280)/(-32). List the prime factors of 183 + -6*(-2)/q*-2.
2, 3, 31
What are the prime factors of 250/(-75) - 152827/(-3)?
7, 19, 383
Let p be (1/4)/((-8)/(-64)). Suppose p*k + k = 0. Suppose -5*y - s + 247 = k, 5*s + 55 + 82 = 3*y. List the prime factors of y.
7
Let g(s) = 4*s + s + 7 + 8 + 27. Let q be g(-9). What are the prime factors of 3*4/q - -252?
2, 31
Suppose 31182240 = 244*c + 534*c. What are the prime factors of c?
2, 3, 5, 167
Let y be -1 + ((-100)/(-6) - 2/(-6)). Suppose -3*a + 405 = y*i - 13*i, -536 = -4*i - 2*a. List the prime factors of i.
7, 19
What are the prime factors of 14 - -27231*5/15?
9091
Let j be -17 - (3 - 9/9). List the prime factors of 26/(j/((-6783)/6)).
7, 13, 17
Let y = 144 - 141. Suppose 2*k = -j + 134, j - y*k - 137 = 7. What are the prime factors of j?
2, 3, 23
List the prime factors of 8/3*((-19510)/(-20) + 1).
2, 3, 7, 31
List the prime factors of (-1 - -16002)/(371/371).
16001
Let g(a) = -67*a + 110. Let k(y) = -34*y + 56. Let d(h) = -3*g(h) + 5*k(h). List the prime factors of d(6).
2, 17
Suppose -3*m + l - 267 = 4*l, -4*l + 202 = -2*m. List the prime factors of (-26443)/m + (-8)/6.
283
Let o(a) = 1387*a - 5300. What are the prime factors of o(57)?
7, 41, 257
Suppose q = 2*l + 5*q - 208, 322 = 3*l + q. Suppose -l = -3*h - h. List the prime factors of (-2)/9 - (-465)/h.
17
Suppose -2*u = -o - 16178, -3*u + 36*o = 35*o - 24265. What are the prime factors of u?
8087
Suppose 13*j + 2*b = 8*j - 70, -3*j + 5*b - 42 = 0. What are the prime factors of 38754/63 - 12/j?
2, 7, 11
Suppose 4*m - 148 = -784. Let p(u) = -2*u**2 + 51*u - 1. Let k be p(25). List the prime factors of (8/k)/((-1)/m).
53
Let o be 3/(3/31) - (-1 - 0). Let f be (-16)/(-6)*24/o. Let k(s) = 4*s**3 + s**2 - s. List the prime factors of k(f).
2, 17
Let f(v) be the third derivative of 7*v**5/15 + 3*v**4/8 + 5*v**3/6 - v**2. Let p be 2/8*16 + -7. List the prime factors of f(p).
2, 5, 23
Let z = -1711 - -4310. What are the prime factors of z?
23, 113
Let z = 174 + 1294. Suppose 0 = -5*i + 502 + z. List the prime factors of i.
2, 197
Let j be (-20)/5*(-14)/8. Suppose -2*v + 836 = -j*v - 3*n, 0 = -4*n - 8. Let q = v + 232. What are the prime factors of q?
2, 3, 11
Let j be 247/57 + 1*(-4)/12. Suppose 0 = j*i + 8, -679 = -g - 13*i + 12*i. What are the prime factors of g?
3, 227
Suppose 28*z - 894906 = -63894. List the prime factors of z.
3, 13, 761
Suppose l = 6*l - 25, -5 = -4*g - l. Suppose -16*p + 5332 + 1756 = g. What are the prime factors of p?
443
Let u be 8/3*(-36)/(-120)*-5. What are the prime factors of (125 - (-2 - 1)) + u*1?
2, 31
Let g(j) = 70*j + 139. Let h be g(-6). Let y = -233 - h. What are the prime factors of y?
2, 3
Suppose -58653 = -3*f - q, 0 = -226*f + 224*f + 5*q + 39085. List the prime factors of f.
2, 5, 17, 23
Let m be 4 + (2 - 1)/(-1). Suppose 4 + 7 = m*c - 2*q, -2*c + 1 = 5*q. Suppose c*z - 44 = -5*t, 12 = z - 2*t + t. List the prime factors of z.
13
Let q = 1367 + 40431. What are the prime factors of q?
2, 20899
Let c(g) = g**3 + 55*g**2 + 103*g + 481. List the prime factors of c(